{"id":17,"date":"2020-03-05T20:40:05","date_gmt":"2020-03-05T20:40:05","guid":{"rendered":"http:\/\/fesapirn.org.br\/?page_id=17"},"modified":"2020-10-21T16:24:28","modified_gmt":"2020-10-21T16:24:28","slug":"about","status":"publish","type":"page","link":"https:\/\/fesapirn.org.br\/?page_id=17","title":{"rendered":"Sobre"},"content":{"rendered":"<p>A Federa\u00e7\u00e3o das Associa\u00e7\u00f5es de Aposentados, Pensionistas e Idosos do Estado do Rio Grande do Norte \u00e9 uma sociedade civil, sem fins lucrativos, que representa no Estado do Rio Grande do Norte as entidades desse segmento. Como legitimo \u00f3rg\u00e3o m\u00e1ximo no estado, os aposentados, pensionistas e idosos.<\/p>\n<p>A FESAPIRN congrega, coordena e orienta as entidades de base que possuam personalidade jur\u00eddica, bem como os movimentos e lutas em defesa dos direitos e melhorias da qualidade de vida do segmento.<\/p>\n","protected":false},"excerpt":{"rendered":"<p>A Federa\u00e7\u00e3o das Associa\u00e7\u00f5es de Aposentados, Pensionistas e Idosos do Estado do Rio Grande do Norte \u00e9 uma sociedade civil, sem fins lucrativos, que representa no Estado do Rio Grande do Norte as entidades desse segmento. Como legitimo \u00f3rg\u00e3o m\u00e1ximo no estado, os aposentados, pensionistas e idosos. A FESAPIRN congrega, coordena e orienta as entidades [&hellip;]<\/p>\n","protected":false},"author":1,"featured_media":14,"parent":0,"menu_order":0,"comment_status":"closed","ping_status":"open","template":"","meta":{"footnotes":""},"class_list":["post-17","page","type-page","status-publish","has-post-thumbnail","hentry"],"_links":{"self":[{"href":"https:\/\/fesapirn.org.br\/index.php?rest_route=\/wp\/v2\/pages\/17","targetHints":{"allow":["GET"]}}],"collection":[{"href":"https:\/\/fesapirn.org.br\/index.php?rest_route=\/wp\/v2\/pages"}],"about":[{"href":"https:\/\/fesapirn.org.br\/index.php?rest_route=\/wp\/v2\/types\/page"}],"author":[{"embeddable":true,"href":"https:\/\/fesapirn.org.br\/index.php?rest_route=\/wp\/v2\/users\/1"}],"replies":[{"embeddable":true,"href":"https:\/\/fesapirn.org.br\/index.php?rest_route=%2Fwp%2Fv2%2Fcomments&post=17"}],"version-history":[{"count":2,"href":"https:\/\/fesapirn.org.br\/index.php?rest_route=\/wp\/v2\/pages\/17\/revisions"}],"predecessor-version":[{"id":266,"href":"https:\/\/fesapirn.org.br\/index.php?rest_route=\/wp\/v2\/pages\/17\/revisions\/266"}],"wp:featuredmedia":[{"embeddable":true,"href":"https:\/\/fesapirn.org.br\/index.php?rest_route=\/wp\/v2\/media\/14"}],"wp:attachment":[{"href":"https:\/\/fesapirn.org.br\/index.php?rest_route=%2Fwp%2Fv2%2Fmedia&parent=17"}],"curies":[{"name":"wp","href":"https:\/\/api.w.org\/{rel}","templated":true}]}}